 2*x. Let o(k) = k**3 - 3*k**2 - 4*k + 3. Let l be o(4). Let z(c) = -7*c - 2*c**2 + 3*c - x + l - 2*c. What is z(-4)?
-10
Let h(m) = m. Let q be ((-138)/(-120) + (-9)/12)*20. What is h(q)?
8
Suppose -3*z + 6 + 10 = 2*y, 0 = 5*y - 25. Let r(u) = -4*u + 6*u + u - 3 - 2*u. Calculate r(z).
-1
Let a(f) = -f**3 + 5*f**2 + 1. Let h be a(5). Let k(g) = -2*g - 4*g**3 + 6*g - g**2 - 3*g. What is k(h)?
-4
Let v(q) = -q**2 - 6*q - 7. Let w be ((-18)/(-8) + -3)*12. Let j = -15 - w. Give v(j).
-7
Suppose 4*r + 2 = -4*x - 2, 0 = -5*x - 3*r - 1. Suppose 3*w - y - 2 = 0, 2*w + 4*y + 8 = 7*w. Let k = x - w. Let j(i) = 4*i**3 - 1. What is j(k)?
3
Suppose 15 = 4*k - 3*o, -k + 2*o = -5*k + 10. Suppose -s - 12 = 5*n + 3*s, -s + 14 = -k*n. Let u(i) = -i**3 - 6*i**2 - 5*i + 4. Give u(n).
-8
Let p(d) = -d**3 + d**2 + d + 8. Let k(r) = -r**3 + 2*r**2 - r + 2. Let s be 12/9*(-3)/(-2). Let c be k(s). Calculate p(c).
8
Suppose 7 = -c - 0. Let b(g) = g**3 + 7*g**2 - 1. Give b(c).
-1
Let v be 2*4*1/(-1). Let i be (v/2 - -1)/1. Let d(q) = 6*q**2 + 7*q + 2. Let b(x) = 5*x**2 + 6*x + 1. Let z(p) = -4*b(p) + 3*d(p). Give z(i).
-7
Let b be (-4)/(-4)*-3 + 25. Let j = -16 + b. Let y(k) be the first derivative of k**2/2 + k - 1. What is y(j)?
7
Let d(j) = j**2 + 5*j - 5. Let r = 16 - 21. Give d(r).
-5
Let z(c) = c**2 - 2*c + 2. Suppose -4*u + 53 = -5*g, 45 = 2*u + u - 2*g. Suppose u = 5*a + 2. Determine z(a).
5
Let d(b) = -3*b - 2*b + 4*b. Let l = -78 - -74. Calculate d(l).
4
Let s(f) = f - 3*f - 2*f + 1 + 6*f. Determine s(2).
5
Let z be 54/63 - 2/(-14). Let d(v) = -v**2 - v + 1. Let r(a) = -2*a**2 + 2*a - 3. Let w(j) = z*r(j) + 4*d(j). Let h be 2/(-4)*4/(-2). Give w(h).
-7
Let c(j) = 5*j**3 - j**2 + j + 1. Let f(n) = 6*n**3 - 2*n**2 + n + 2. Let z(k) = 4*c(k) - 3*f(k). Let g = 2 - 4. What is z(g)?
-12
Let x = -42 - -46. Let s(j) = -j**2. Give s(x).
-16
Suppose -24 = -4*p + p. Suppose 0 = -c - 3*c - p. Let y(h) = -h + 1. What is y(c)?
3
Let x = 10 - 5. Let a(b) = -b**2 + 6*b - 7. Give a(x).
-2
Let s be 12/10*(-10)/3. Let t(i) = -7 + 1 - 13*i + 10*i. What is t(s)?
6
Let c(g) = -4 + g**3 + 9*g**2 + 9*g + 11 + 4 - 6. Calculate c(-8).
-3
Let z(d) = -2*d - d - 6 - d**3 + 33*d**2 - 27*d**2. Let c(q) = -6*q - 3. Let m be c(-3). Suppose m = 3*y - 3*i, -i = 5*y - 5*i - 25. Give z(y).
4
Suppose 2*l - 6*l + 24 = 0. Let t be l/(-4) - 9/(-6). Suppose t*w + 3 = w. Let d(c) = -c**3 + 3*c**2 + 3*c - 4. Give d(w).
5
Let r(v) = 3*v**2 + 1 - v + 2 - 8*v**2 + 3*v**2. Calculate r(-3).
-12
Suppose 0 = 2*x - 3*k + 4, -4*x + 0*x + 4 = -3*k. Let t(z) = -z**3 + 4*z**2 + 3*z - 1. What is t(x)?
11
Let k(f) = -2*f - 2 + 4 + 0 - f**2. Suppose 1 + 5 = 2*a. Suppose 4*r - a*r + 2 = 0, 2*r = 4*o + 4. Calculate k(o).
2
Let n(x) = x**2 + 7*x + 3. Suppose -z + 8 = 3*u, -2 + 30 = 3*u - 4*z. Suppose 10 - u = -t. Calculate n(t).
-3
Let b = 1 - 7. Let h(s) be the third derivative of -s**4/24 - 4*s**3/3 + 7*s**2. What is h(b)?
-2
Let m(r) = r**3 - 9*r**2 + 11*r - 20. Let v be m(8). Let a(q) = q**3 - 4*q**2 + 1. What is a(v)?
1
Let i(y) = -y**2 - y + 3. Suppose 2 = -x - 1. What is i(x)?
-3
Let t(c) be the first derivative of c**2/2 - 2*c + 1. Calculate t(5).
3
Suppose -2*k - 5*b + 27 = 0, 5*k - 2*k = 4*b - 17. Let x(w) = -5*w**2 + 1. Calculate x(k).
-4
Suppose 0 = -2*o + 2*m + 16, 0 = 3*o - 7*o - 4*m + 32. Suppose 2*x + 2*h = 10, 5*h - o = 4*x + 8. Let a(t) = -4*t**2 + t - 1. Calculate a(x).
-4
Suppose 2*v - 4*v + 4 = 0. Let t(q) = 0*q - q**3 + 4*q**v - q - 2 - q. Give t(3).
1
Let o(a) = 2*a + 32. Let y be o(-14). Let g(m) = -2*m + 5. What is g(y)?
-3
Let r(l) be the first derivative of l**5/20 - l**4/3 - 7*l**3/6 + 7*l**2/2 + 2*l - 2. Let x(h) be the first derivative of r(h). Let i = 3 - -2. Determine x(i).
-3
Let w(i) = -i. Let c be w(5). Let n(r) = -4*r - 3*r**2 - r**2 + 3*r**2 + 4. Give n(c).
-1
Suppose -8*a + 3*a = -15. Let s(r) = -4*r**3 - a*r**3 + 10*r + 1 + 0 - 8*r. What is s(-1)?
6
Let m(i) = -3*i**3 - i**2 + i - 1. Let k(a) = -4*a**3 - a**2 + a - 1. Let w(d) = -5*k(d) + 7*m(d). Let h be -1 + -1 - -2 - 3. Give w(h).
1
Let k(v) = -v**3 - 3*v**2 + 6*v + 4. Let s be (-124)/(-12) - (-4)/6. Let b be (7/2)/(5/10). Let f = b - s. Calculate k(f).
-4
Let n be 20/(-8)*(-12)/5. Suppose 3*g - g = n. Let i(k) = -k**2 + 3*k - 1. Give i(g).
-1
Suppose 0*j + 5*g = -2*j - 15, -2*j + 5*g + 15 = 0. Let w be j + -2 - 2/(-2). Let a(c) be the second derivative of c**4/2 - c**3/6 - c**2/2 + c. Determine a(w).
6
Let t be (-1 + 13/3)*3. Let w be (-2)/8 + 50/8. Let r = w - t. Let b(l) = -l**3 - 5*l**2 - 6*l - 6. Calculate b(r).
2
Let m(q) = q**2 - 12*q + 3. Let u be m(13). Suppose -4 = -2*z, 4*x - z = z + u. Let l(w) = -w**2 + 2*w + 2. Determine l(x).
-13
Let b(s) = -27 + 14 - 4*s + 5*s. Suppose -3*w = 4 + 2, 3*h + 5*w = 5. Let j(c) = 1. Let f(z) = h*j(z) + b(z). Give f(0).
-8
Let t(f) = f**2 - 8*f + 9. Let z be t(6). Let u be (-4)/z*(-3)/2. Let p(m) = 3*m + 3. Determine p(u).
-3
Suppose -d - 4*a = 3*d + 20, -4*a + 7 = -5*d. Let o(q) = -q**3 - 3*q**2 + 3*q - 4. Calculate o(d).
-13
Let j(f) be the first derivative of f**4/4 - 6*f + 5. Give j(0).
-6
Let f(j) = -j**3 + j - 2. Suppose 2*o - 2*s = 246, 5*o - 613 = 3*s - 0*s. Let d = -86 + o. Let x be 4/18 - 8/d. Give f(x).
-2
Let s be (-4)/(-6) - (-8)/6. Let u(b) = s*b - 9*b**2 + 13*b**2 + 3*b**3 - 2*b**3. Let o = -8 - -5. Determine u(o).
3
Let p(o) = -29 + 0*o**2 + 30 + 3*o**3 - 2*o**2. Give p(1).
2
Let y be (7 - 6) + (-2)/(-2). Let x be 4/(1*(y + -1)). Let u(q) = 3*q - 3. What is u(x)?
9
Suppose 4*v - 20 = -0*v - 3*q, 2*q - 14 = -3*v. Let t(o) = -2*o**2 - o. Give t(v).
-10
Let f = 8 - 12. Let w be -3*((-34)/6 - f). Let v(d) = -3*d + 6. Determine v(w).
-9
Let i be 3/9 + 32/(-6). Let r(h) = 0*h**2 + 2*h**2 - h**3 - h - 7*h**2 + 2. Give r(i).
7
Suppose -1 = j - 5*q - 2, 2*q = 3*j + 10. Let n(w) = -3*w + 4*w + 268 - 271. Calculate n(j).
-7
Let c(u) = 16*u**3. Let y(a) = -a**2 + 15*a - 37. Let l be y(12). Give c(l).
-16
Let w(i) = 3*i + 5. Let s(x) = -4*x - 1. Let f = 7 + 1. Let y = f - 7. Let d be s(y). What is w(d)?
-10
Let b be ((-2)/1)/((-2)/4). Let y(f) be the second derivative of -1/12*f**b + 2*f + 3/10*f**5 + 0*f**3 + 0*f**2 + 0. Calculate y(1).
5
Suppose 5*s - 2*s - o - 5 = 0, 4*o + 6 = 5*s. Let l(a) = a**2 - 2*a - 1. Determine l(s).
-1
Let n(h) = 7*h**2 - h - 2. Let x be n(-1). Let q(y) = 9*y**2 - 4*y + x - 10*y**2 - 1. What is q(-4)?
5
Let b(d) = -3*d + 1. Let a(h) = 0*h**3 + 6*h**3 + 3 - 7*h**2 - 7*h**3. Let p be a(-7). Suppose -p*w - 2*w - 10 = 0. Determine b(w).
7
Let k = -2 - 1. Let t(o) = 3*o - 20*o**2 + 4 - 21*o**2 + 42*o**2 + 0*o. What is t(k)?
4
Let n(x) = 7*x**3 - 2*x**2 + x + 1. Let f(q) = 20*q**3 - 7*q**2 + 4*q + 2. Let m(r) = -6*f(r) + 17*n(r). Determine m(7).
5
Let p(a) = 3*a**3 + 2*a**2 + 2*a + 1. Let h(g) = 10 + 3*g**2 - 4*g**2 + 3*g + 7*g + 0*g**2. Let d be h(11). What is p(d)?
-2
Let q(s) = -2*s + 6. Let k be (6/4)/(3/(-44)). Let u = -18 - k. Calculate q(u).
-2
Let l(o) = o**2 - 3*o - 1. Let f be ((-14)/(-35))/(1/10). What is l(f)?
3
Let v(s) = -4 + 6 - 3*s - 5 - 2. Calculate v(-5).
10
Suppose 0 = a - 4*a + 9. Suppose 2*g + g + a*x - 12 = 0, 0 = -2*g + 2*x - 8. Suppose g*c - c = 0. Let h(l) = l + 5. What is h(c)?
5
Let l = 70 - 65. Let j(s) = s**2 - 5*s - 7. Give j(l).
-7
Let o(i) be the first derivative of 3*i**2 + 2. Suppose -5*u - n + 8 = -4*n, -2*u - 4*n = 2. Calculate o(u).
6
Let k(b) = -7*b**2 + 1. Let c be k(-1). Let u(v) = 2*v + 9. Let l be u(c). Let r(t) = -t**3 - 3*t**2 - t + 2. Determine r(l).
5
Let h(g) = -g**3 - 7*g**2 - 6*g + 2. Let k(f) = -f + 3 - 2 + 4. Let t be k(4). Let x = t + -7. Calculate h(x).
2
Let d(t) = 8*t - 2 + 6 + t**2 - 2*t. Give d(-4).
-4
Let y(g) = g**2 + 10*g + 6. Let p be 6*5/(-25)*20/3. Determine y(p).
-10
Let x(k) = -12*k + 1. Suppose -o - 34 = 5*j, -4*j = -4*o + 2*o + 2. Let a(y) = y**3 + 10*y**2 + 8*y - 10. Let n be a(o). What is x(n)?
13
Let a(r) = 10*r**2 - 2*r - 4. Let z(s) = 9*s**2 - 2*s - 3. Let u(n) = -2*a(n) + 3*z(n). Calculate u(-1).
8
Let a(m) = 2*m**2 + 4*m - 1. Suppose -2*d = -6*d + 8. Let y be -2 + 1/d*-2. What is a(y)?
5
Let m(b) = -73*b + 1 + 74*b + 1 - b**3. Give m(0).
2
Let x(p) = 7*p - 3. Let v(h) = -4*h + 1. Let m(r) = -5*v(r) - 3*x(r). What is m(-4)?
8
Let j(n) = 7*n**2 + n - 1. Let x(b) = -7*b**2 - b + 1. Let r